{"id":150,"date":"2012-02-20T17:20:34","date_gmt":"2012-02-20T17:20:34","guid":{"rendered":"http:\/\/cpallo.educacion.navarra.es\/blog\/ingles\/?page_id=150"},"modified":"2012-02-20T17:24:13","modified_gmt":"2012-02-20T17:24:13","slug":"first-cycle","status":"publish","type":"page","link":"https:\/\/cpallo.educacion.navarra.es\/blog\/ingles\/childrens-projects-and-works\/first-cycle\/","title":{"rendered":"First cycle (Year 1 and 2)"},"content":{"rendered":"<ul>\n<li>December 2011: Durante la \u00faltima semana hemos estado trabajando la carta, que est\u00e1 incluida en nuestro proyecto porfolio. \u00c9ste son algunos ejemplos de trabajos de los alumnos\/as de primaria:<iframe src=\"https:\/\/www.slideshare.net\/slideshow\/embed_code\/10489465\" width=\"860\" height=\"686\" frameborder=\"0\" marginwidth=\"0\" marginheight=\"0\" scrolling=\"no\"><\/iframe><br\/><\/li>\n<li>November 2011: Children of\u00a0 Year 1 and 2 invent some rhymes using food words that they learnt:<a href=\"https:\/\/cpallo.educacion.navarra.es\/blog\/ingles\/files\/2011\/11\/The-crocodile-is-hungry2.jpg\"><br \/>\n<\/a><a href=\"https:\/\/cpallo.educacion.navarra.es\/blog\/ingles\/files\/2011\/11\/The-crocodile-is-hungry1.jpg\"><br \/>\n<\/a><iframe src=\"https:\/\/www.slideshare.net\/slideshow\/embed_code\/10519018\" width=\"860\" height=\"686\" frameborder=\"0\" marginwidth=\"0\" marginheight=\"0\" scrolling=\"no\"><\/iframe><br\/><\/li>\n<\/ul>\n","protected":false},"excerpt":{"rendered":"<p>December 2011: Durante la \u00faltima semana hemos estado trabajando la carta, que est\u00e1 incluida en nuestro proyecto porfolio. \u00c9ste son algunos ejemplos de trabajos de los alumnos\/as de primaria: November 2011: Children of\u00a0 Year 1 and 2 invent some rhymes using food words that they learnt:<\/p>\n","protected":false},"author":10,"featured_media":0,"parent":34,"menu_order":0,"comment_status":"open","ping_status":"closed","template":"","meta":[],"_links":{"self":[{"href":"https:\/\/cpallo.educacion.navarra.es\/blog\/ingles\/wp-json\/wp\/v2\/pages\/150"}],"collection":[{"href":"https:\/\/cpallo.educacion.navarra.es\/blog\/ingles\/wp-json\/wp\/v2\/pages"}],"about":[{"href":"https:\/\/cpallo.educacion.navarra.es\/blog\/ingles\/wp-json\/wp\/v2\/types\/page"}],"author":[{"embeddable":true,"href":"https:\/\/cpallo.educacion.navarra.es\/blog\/ingles\/wp-json\/wp\/v2\/users\/10"}],"replies":[{"embeddable":true,"href":"https:\/\/cpallo.educacion.navarra.es\/blog\/ingles\/wp-json\/wp\/v2\/comments?post=150"}],"version-history":[{"count":4,"href":"https:\/\/cpallo.educacion.navarra.es\/blog\/ingles\/wp-json\/wp\/v2\/pages\/150\/revisions"}],"predecessor-version":[{"id":158,"href":"https:\/\/cpallo.educacion.navarra.es\/blog\/ingles\/wp-json\/wp\/v2\/pages\/150\/revisions\/158"}],"up":[{"embeddable":true,"href":"https:\/\/cpallo.educacion.navarra.es\/blog\/ingles\/wp-json\/wp\/v2\/pages\/34"}],"wp:attachment":[{"href":"https:\/\/cpallo.educacion.navarra.es\/blog\/ingles\/wp-json\/wp\/v2\/media?parent=150"}],"curies":[{"name":"wp","href":"https:\/\/api.w.org\/{rel}","templated":true}]}}