{"id":719,"date":"2020-04-05T09:00:00","date_gmt":"2020-04-05T09:00:00","guid":{"rendered":"http:\/\/cpallo.educacion.navarra.es\/blog\/infantil\/?page_id=719"},"modified":"2020-04-06T07:59:59","modified_gmt":"2020-04-06T07:59:59","slug":"exposicion-fotografica","status":"publish","type":"page","link":"https:\/\/cpallo.educacion.navarra.es\/blog\/infantil\/exposicion-fotografica\/","title":{"rendered":"EXPOSICI\u00d3N FOTOGR\u00c1FICA 06\/04\/20"},"content":{"rendered":"\n<p class=\"has-text-align-center\"><strong>\u00abYO VIVO EN ALLO\u00bb<\/strong><\/p>\n\n\n\n<p class=\"has-text-align-center\">La clase de 2\u00ba de infantil del colegio de Allo ha desarrollado el proyecto \u00abYo vivo en Allo\u00bb a lo largo de este trimestre. El \u00faltimo paso ha sido esta exposici\u00f3n: se trata de una selecci\u00f3n de las fotos que las ni\u00f1as y los ni\u00f1os de esta clase han realizado. Con ellas, el alumnado ha querido reflejar las cosas y personas que m\u00e1s le llaman la atenci\u00f3n del pueblo de Allo.<\/p>\n\n\n\n<p class=\"has-text-align-center\">Los t\u00edtulos parten del lenguaje de las ni\u00f1as y los ni\u00f1os para referirse a lo que iban observando en las diferentes salidas. Como a veces se intercambiaban las c\u00e1maras hay alguna foto con autor o autora sin determinar.<\/p>\n\n\n\n<p class=\"has-text-align-center\">\u00a1ESPERAMOS QUE LAS DISFRUT\u00c9IS!<\/p>\n\n\n\n<div class=\"wp-block-image\"><figure class=\"aligncenter size-large is-resized\"><img loading=\"lazy\" src=\"https:\/\/cpallo.educacion.navarra.es\/blog\/infantil\/files\/2020\/04\/Amina-3-624x832-4.jpg\" alt=\"\" class=\"wp-image-776\" width=\"451\" height=\"606\"\/><figcaption>Autora: Amina<br>T\u00edtulo: \u00abLa barra\u00bb<br><br><\/figcaption><\/figure><\/div>\n\n\n\n<div class=\"wp-block-image\"><figure class=\"aligncenter size-large is-resized\"><img loading=\"lazy\" src=\"https:\/\/cpallo.educacion.navarra.es\/blog\/infantil\/files\/2020\/04\/Yoel-1-619x825-1.jpg\" alt=\"\" class=\"wp-image-735\" width=\"481\" height=\"641\" srcset=\"https:\/\/cpallo.educacion.navarra.es\/blog\/infantil\/files\/2020\/04\/Yoel-1-619x825-1.jpg 619w, https:\/\/cpallo.educacion.navarra.es\/blog\/infantil\/files\/2020\/04\/Yoel-1-619x825-1-225x300.jpg 225w\" sizes=\"(max-width: 481px) 100vw, 481px\" \/><figcaption>Autor: Yoel<br>T\u00edtulo: \u00abPies\u00bb<br>                                                  <img loading=\"lazy\" width=\"300\" height=\"300\" class=\"wp-image-743\" style=\"width: 120px;\" src=\"https:\/\/cpallo.educacion.navarra.es\/blog\/infantil\/files\/2020\/04\/picto-pie-1.jpg\" alt=\"\" srcset=\"https:\/\/cpallo.educacion.navarra.es\/blog\/infantil\/files\/2020\/04\/picto-pie-1.jpg 300w, https:\/\/cpallo.educacion.navarra.es\/blog\/infantil\/files\/2020\/04\/picto-pie-1-150x150.jpg 150w\" sizes=\"(max-width: 300px) 100vw, 300px\" \/><br><br><br><\/figcaption><\/figure><\/div>\n\n\n\n<figure class=\"wp-block-image size-large is-resized\"><img loading=\"lazy\" src=\"https:\/\/cpallo.educacion.navarra.es\/blog\/infantil\/files\/2020\/04\/Miguel-Angel-3-921x691-1.jpg\" alt=\"\" class=\"wp-image-736\" width=\"596\" height=\"447\" srcset=\"https:\/\/cpallo.educacion.navarra.es\/blog\/infantil\/files\/2020\/04\/Miguel-Angel-3-921x691-1.jpg 921w, https:\/\/cpallo.educacion.navarra.es\/blog\/infantil\/files\/2020\/04\/Miguel-Angel-3-921x691-1-300x225.jpg 300w, https:\/\/cpallo.educacion.navarra.es\/blog\/infantil\/files\/2020\/04\/Miguel-Angel-3-921x691-1-768x576.jpg 768w, https:\/\/cpallo.educacion.navarra.es\/blog\/infantil\/files\/2020\/04\/Miguel-Angel-3-921x691-1-400x300.jpg 400w\" sizes=\"(max-width: 596px) 100vw, 596px\" \/><figcaption>Autor: Miguel \u00c1ngel<br>T\u00edtulo: \u00abLa cueva de los reyes magos\u00bb<br><br><br><br><br><br><\/figcaption><\/figure>\n\n\n\n<div class=\"wp-block-image\"><figure class=\"aligncenter size-large is-resized\"><img loading=\"lazy\" src=\"https:\/\/cpallo.educacion.navarra.es\/blog\/infantil\/files\/2020\/04\/Kevin-3-489x652-2.jpg\" alt=\"\" class=\"wp-image-785\" width=\"413\" height=\"554\"\/><figcaption>Autor: Kevin<br>T\u00edtulo: \u00abEn el parque\u00bb<br><br><br><\/figcaption><\/figure><\/div>\n\n\n\n<div class=\"wp-block-image\"><figure class=\"aligncenter size-large is-resized\"><img loading=\"lazy\" src=\"https:\/\/cpallo.educacion.navarra.es\/blog\/infantil\/files\/2020\/04\/Alba-2-518x388-1.jpg\" alt=\"\" class=\"wp-image-737\" width=\"597\" height=\"447\" srcset=\"https:\/\/cpallo.educacion.navarra.es\/blog\/infantil\/files\/2020\/04\/Alba-2-518x388-1.jpg 518w, https:\/\/cpallo.educacion.navarra.es\/blog\/infantil\/files\/2020\/04\/Alba-2-518x388-1-300x225.jpg 300w, https:\/\/cpallo.educacion.navarra.es\/blog\/infantil\/files\/2020\/04\/Alba-2-518x388-1-401x300.jpg 401w\" sizes=\"(max-width: 597px) 100vw, 597px\" \/><figcaption>Autora: Alba<br>T\u00edtulo: \u00abEl cami\u00f3n de las obras\u00bb<br><br><br><br><\/figcaption><\/figure><\/div>\n\n\n\n<div class=\"wp-block-image\"><figure class=\"aligncenter size-large is-resized\"><img loading=\"lazy\" src=\"https:\/\/cpallo.educacion.navarra.es\/blog\/infantil\/files\/2020\/04\/Edurne-2-349x620-2.jpg\" alt=\"\" class=\"wp-image-783\" width=\"348\" height=\"618\" srcset=\"https:\/\/cpallo.educacion.navarra.es\/blog\/infantil\/files\/2020\/04\/Edurne-2-349x620-2.jpg 349w, https:\/\/cpallo.educacion.navarra.es\/blog\/infantil\/files\/2020\/04\/Edurne-2-349x620-2-169x300.jpg 169w\" sizes=\"(max-width: 348px) 100vw, 348px\" \/><figcaption>Autora: Edurne<br>T\u00edtulo: \u00abTe veo\u00bb<br><br><br><\/figcaption><\/figure><\/div>\n\n\n\n<div class=\"wp-block-image\"><figure class=\"aligncenter size-large is-resized\"><img loading=\"lazy\" src=\"https:\/\/cpallo.educacion.navarra.es\/blog\/infantil\/files\/2020\/04\/Yoel-3-349x620-1.jpg\" alt=\"\" class=\"wp-image-739\" width=\"329\" height=\"586\"\/><figcaption>Autor: Yoel<br>T\u00edtulo: \u00abVerde\u00bb   <br>                                 <img loading=\"lazy\" width=\"150\" height=\"150\" class=\"wp-image-745\" style=\"width: 120px;\" src=\"https:\/\/cpallo.educacion.navarra.es\/blog\/infantil\/files\/2020\/04\/picto_verde.png\" alt=\"\"><br><br><br><br><\/figcaption><\/figure><\/div>\n\n\n\n<div class=\"wp-block-image\"><figure class=\"aligncenter size-large is-resized\"><img loading=\"lazy\" src=\"https:\/\/cpallo.educacion.navarra.es\/blog\/infantil\/files\/2020\/04\/Diego-2-288x512-1.jpg\" alt=\"\" class=\"wp-image-746\" width=\"310\" height=\"550\" srcset=\"https:\/\/cpallo.educacion.navarra.es\/blog\/infantil\/files\/2020\/04\/Diego-2-288x512-1.jpg 288w, https:\/\/cpallo.educacion.navarra.es\/blog\/infantil\/files\/2020\/04\/Diego-2-288x512-1-169x300.jpg 169w\" sizes=\"(max-width: 310px) 100vw, 310px\" \/><figcaption>Autor: Diego<br>T\u00edtulo: \u00abCon la c\u00e1mara\u00bb<br><br><br><\/figcaption><\/figure><\/div>\n\n\n\n<div class=\"wp-block-image\"><figure class=\"aligncenter size-large is-resized\"><img loading=\"lazy\" src=\"https:\/\/cpallo.educacion.navarra.es\/blog\/infantil\/files\/2020\/04\/Alba-1-518x388-1.jpg\" alt=\"\" class=\"wp-image-752\" width=\"509\" height=\"381\" srcset=\"https:\/\/cpallo.educacion.navarra.es\/blog\/infantil\/files\/2020\/04\/Alba-1-518x388-1.jpg 518w, https:\/\/cpallo.educacion.navarra.es\/blog\/infantil\/files\/2020\/04\/Alba-1-518x388-1-300x225.jpg 300w, https:\/\/cpallo.educacion.navarra.es\/blog\/infantil\/files\/2020\/04\/Alba-1-518x388-1-401x300.jpg 401w\" sizes=\"(max-width: 509px) 100vw, 509px\" \/><figcaption>Autora: Alba<br>T\u00edtulo: \u00abPorter\u00eda port\u00e1til\u00bb<br><br><br><br><\/figcaption><\/figure><\/div>\n\n\n\n<div class=\"wp-block-image\"><figure class=\"aligncenter size-large is-resized\"><img loading=\"lazy\" src=\"https:\/\/cpallo.educacion.navarra.es\/blog\/infantil\/files\/2020\/04\/Z_Desconocido-518x388-1.jpg\" alt=\"\" class=\"wp-image-753\" width=\"525\" height=\"393\" srcset=\"https:\/\/cpallo.educacion.navarra.es\/blog\/infantil\/files\/2020\/04\/Z_Desconocido-518x388-1.jpg 518w, https:\/\/cpallo.educacion.navarra.es\/blog\/infantil\/files\/2020\/04\/Z_Desconocido-518x388-1-300x225.jpg 300w, https:\/\/cpallo.educacion.navarra.es\/blog\/infantil\/files\/2020\/04\/Z_Desconocido-518x388-1-401x300.jpg 401w\" sizes=\"(max-width: 525px) 100vw, 525px\" \/><figcaption>Autor\/a: desconocido\/a<br>T\u00edtulo: \u00abLa valla\u00bb<br><br><br><\/figcaption><\/figure><\/div>\n\n\n\n<div class=\"wp-block-image\"><figure class=\"aligncenter size-large is-resized\"><img loading=\"lazy\" src=\"https:\/\/cpallo.educacion.navarra.es\/blog\/infantil\/files\/2020\/04\/Edurne-1-349x620-1.jpg\" alt=\"\" class=\"wp-image-754\" width=\"353\" height=\"626\" srcset=\"https:\/\/cpallo.educacion.navarra.es\/blog\/infantil\/files\/2020\/04\/Edurne-1-349x620-1.jpg 349w, https:\/\/cpallo.educacion.navarra.es\/blog\/infantil\/files\/2020\/04\/Edurne-1-349x620-1-169x300.jpg 169w\" sizes=\"(max-width: 353px) 100vw, 353px\" \/><figcaption>Autora: Edurne<br>T\u00edtulo: \u00abUno, dos y &#8230; tres\u00bb<br><br><\/figcaption><\/figure><\/div>\n\n\n\n<div class=\"wp-block-image\"><figure class=\"aligncenter size-large is-resized\"><img loading=\"lazy\" src=\"https:\/\/cpallo.educacion.navarra.es\/blog\/infantil\/files\/2020\/04\/Diego-1-288x512-1.jpg\" alt=\"\" class=\"wp-image-755\" width=\"327\" height=\"580\" srcset=\"https:\/\/cpallo.educacion.navarra.es\/blog\/infantil\/files\/2020\/04\/Diego-1-288x512-1.jpg 288w, https:\/\/cpallo.educacion.navarra.es\/blog\/infantil\/files\/2020\/04\/Diego-1-288x512-1-169x300.jpg 169w\" sizes=\"(max-width: 327px) 100vw, 327px\" \/><figcaption>Autor: Diego<br>T\u00edtulo: \u00abLa sombra\u00bb<br><br><\/figcaption><\/figure><\/div>\n\n\n\n<div class=\"wp-block-image\"><figure class=\"aligncenter size-large is-resized\"><img loading=\"lazy\" src=\"https:\/\/cpallo.educacion.navarra.es\/blog\/infantil\/files\/2020\/04\/Miguel-Angel-1-921x691-1.jpg\" alt=\"\" class=\"wp-image-756\" width=\"579\" height=\"434\" srcset=\"https:\/\/cpallo.educacion.navarra.es\/blog\/infantil\/files\/2020\/04\/Miguel-Angel-1-921x691-1.jpg 921w, https:\/\/cpallo.educacion.navarra.es\/blog\/infantil\/files\/2020\/04\/Miguel-Angel-1-921x691-1-300x225.jpg 300w, https:\/\/cpallo.educacion.navarra.es\/blog\/infantil\/files\/2020\/04\/Miguel-Angel-1-921x691-1-768x576.jpg 768w, https:\/\/cpallo.educacion.navarra.es\/blog\/infantil\/files\/2020\/04\/Miguel-Angel-1-921x691-1-400x300.jpg 400w\" sizes=\"(max-width: 579px) 100vw, 579px\" \/><figcaption>Autor: Miguel \u00c1ngel<br>T\u00edtulo: \u00abAllo tiene parques\u00bb<br><br><br><br><\/figcaption><\/figure><\/div>\n\n\n\n<div class=\"wp-block-image\"><figure class=\"aligncenter size-large is-resized\"><img loading=\"lazy\" src=\"https:\/\/cpallo.educacion.navarra.es\/blog\/infantil\/files\/2020\/04\/Kevin-2-307x409-1.jpg\" alt=\"\" class=\"wp-image-757\" width=\"367\" height=\"485\"\/><figcaption>Autor: Kevin<br>T\u00edtulo: \u00ab\u00bfPodemos jugar?\u00bb<br><br><\/figcaption><\/figure><\/div>\n\n\n\n<div class=\"wp-block-image\"><figure class=\"aligncenter size-large is-resized\"><img loading=\"lazy\" src=\"https:\/\/cpallo.educacion.navarra.es\/blog\/infantil\/files\/2020\/04\/Yoel-2-619x825-2.jpg\" alt=\"\" class=\"wp-image-759\" width=\"422\" height=\"569\"\/><figcaption>Autor: Yoel<br>T\u00edtulo: \u00abMi amiga\u00bb<br><br><br><\/figcaption><\/figure><\/div>\n\n\n\n<div class=\"wp-block-image\"><figure class=\"aligncenter size-large is-resized\"><img loading=\"lazy\" src=\"https:\/\/cpallo.educacion.navarra.es\/blog\/infantil\/files\/2020\/04\/Diego-3-288x512-1.jpg\" alt=\"\" class=\"wp-image-760\" width=\"344\" height=\"606\"\/><figcaption>Autor: Diego<br>T\u00edtulo: \u00abLas piscinas\u00bb<br><br><br><\/figcaption><\/figure><\/div>\n\n\n\n<div class=\"wp-block-image\"><figure class=\"aligncenter size-large is-resized\"><img loading=\"lazy\" src=\"https:\/\/cpallo.educacion.navarra.es\/blog\/infantil\/files\/2020\/04\/Amina-2-518x388-1.jpg\" alt=\"\" class=\"wp-image-761\" width=\"525\" height=\"393\" srcset=\"https:\/\/cpallo.educacion.navarra.es\/blog\/infantil\/files\/2020\/04\/Amina-2-518x388-1.jpg 518w, https:\/\/cpallo.educacion.navarra.es\/blog\/infantil\/files\/2020\/04\/Amina-2-518x388-1-300x225.jpg 300w, https:\/\/cpallo.educacion.navarra.es\/blog\/infantil\/files\/2020\/04\/Amina-2-518x388-1-401x300.jpg 401w\" sizes=\"(max-width: 525px) 100vw, 525px\" \/><figcaption>Autora: Amina<br>T\u00edtulo: \u00abDe excursi\u00f3n\u00bb<br><br><br><\/figcaption><\/figure><\/div>\n\n\n\n<div class=\"wp-block-image\"><figure class=\"aligncenter size-large\"><img loading=\"lazy\" width=\"518\" height=\"388\" src=\"https:\/\/cpallo.educacion.navarra.es\/blog\/infantil\/files\/2020\/04\/Edurne-3-518x388-1.jpg\" alt=\"\" class=\"wp-image-762\" srcset=\"https:\/\/cpallo.educacion.navarra.es\/blog\/infantil\/files\/2020\/04\/Edurne-3-518x388-1.jpg 518w, https:\/\/cpallo.educacion.navarra.es\/blog\/infantil\/files\/2020\/04\/Edurne-3-518x388-1-300x225.jpg 300w, https:\/\/cpallo.educacion.navarra.es\/blog\/infantil\/files\/2020\/04\/Edurne-3-518x388-1-401x300.jpg 401w\" sizes=\"(max-width: 518px) 100vw, 518px\" \/><figcaption>Autora: Edurne<br>T\u00edtulo: \u00ab\u00c1rboles\u00bb<br><br><br><br><\/figcaption><\/figure><\/div>\n\n\n\n<div class=\"wp-block-image\"><figure class=\"aligncenter size-large is-resized\"><img loading=\"lazy\" src=\"https:\/\/cpallo.educacion.navarra.es\/blog\/infantil\/files\/2020\/04\/Alba-3-518x388-1.jpg\" alt=\"\" class=\"wp-image-763\" width=\"562\" height=\"420\" srcset=\"https:\/\/cpallo.educacion.navarra.es\/blog\/infantil\/files\/2020\/04\/Alba-3-518x388-1.jpg 518w, https:\/\/cpallo.educacion.navarra.es\/blog\/infantil\/files\/2020\/04\/Alba-3-518x388-1-300x225.jpg 300w, https:\/\/cpallo.educacion.navarra.es\/blog\/infantil\/files\/2020\/04\/Alba-3-518x388-1-401x300.jpg 401w\" sizes=\"(max-width: 562px) 100vw, 562px\" \/><figcaption>Autora: Alba<br>T\u00edtulo: \u00abNos hacemos fotos\u00bb<br><br><br><br><\/figcaption><\/figure><\/div>\n\n\n\n<div class=\"wp-block-image\"><figure class=\"aligncenter size-large is-resized\"><img loading=\"lazy\" src=\"https:\/\/cpallo.educacion.navarra.es\/blog\/infantil\/files\/2020\/04\/Miguel-Angel-2-921x691-1.jpg\" alt=\"\" class=\"wp-image-764\" width=\"634\" height=\"475\" srcset=\"https:\/\/cpallo.educacion.navarra.es\/blog\/infantil\/files\/2020\/04\/Miguel-Angel-2-921x691-1.jpg 921w, https:\/\/cpallo.educacion.navarra.es\/blog\/infantil\/files\/2020\/04\/Miguel-Angel-2-921x691-1-300x225.jpg 300w, https:\/\/cpallo.educacion.navarra.es\/blog\/infantil\/files\/2020\/04\/Miguel-Angel-2-921x691-1-768x576.jpg 768w, https:\/\/cpallo.educacion.navarra.es\/blog\/infantil\/files\/2020\/04\/Miguel-Angel-2-921x691-1-400x300.jpg 400w\" sizes=\"(max-width: 634px) 100vw, 634px\" \/><figcaption>Autor: Miguel \u00c1ngel<br>T\u00edtulo: \u00abDesde el coche\u00bb<br><br><br><\/figcaption><\/figure><\/div>\n\n\n\n<div class=\"wp-block-image\"><figure class=\"aligncenter size-large is-resized\"><img loading=\"lazy\" src=\"https:\/\/cpallo.educacion.navarra.es\/blog\/infantil\/files\/2020\/04\/Amina-1-288x512-3.jpg\" alt=\"\" class=\"wp-image-778\" width=\"324\" height=\"572\"\/><figcaption>Autora: Amina<br>T\u00edtulo: \u00abPuerta\u00bb<br><br><br><br><\/figcaption><\/figure><\/div>\n\n\n\n<div class=\"wp-block-image\"><figure class=\"aligncenter size-large is-resized\"><img loading=\"lazy\" src=\"https:\/\/cpallo.educacion.navarra.es\/blog\/infantil\/files\/2020\/04\/Kevin-1-489x652-1.jpg\" alt=\"\" class=\"wp-image-765\" width=\"409\" height=\"547\"\/><figcaption>Autor: Kevin<br>T\u00edtulo: \u00abEl parque y el sol\u00bb<\/figcaption><\/figure><\/div>\n\n\n\n<p class=\"has-text-align-center\">Para saber m\u00e1s detalles de c\u00f3mo se inici\u00f3 y se desarroll\u00f3 este proyecto, as\u00ed como de otras informaciones generales y\/o de otras clases, pod\u00e9is entrar en la p\u00e1gina web del centro: <a href=\"http:\/\/cpallo.educacion.navarra.es\/blog\/\" target=\"_blank\" rel=\"noreferrer noopener\">http:\/\/cpallo.educacion.navarra.es\/blog\/<\/a><\/p>\n\n\n\n<p class=\"has-text-align-center\">Gracias a Blanca, del ayuntamiento, y a Amaia y Cristina, de la biblioteca, por su ayuda y buena disposici\u00f3n. <\/p>\n\n\n\n<p class=\"has-text-align-center\"><strong>MUCHO \u00c1NIMO A TODAS LAS FAMILIAS. \u00a1LO EST\u00c1IS HACIENDO MUY BIEN!<\/strong><\/p>\n","protected":false},"excerpt":{"rendered":"<p>\u00abYO VIVO EN ALLO\u00bb La clase de 2\u00ba de infantil del colegio de Allo ha desarrollado el proyecto \u00abYo vivo en Allo\u00bb a lo largo de este trimestre. El \u00faltimo paso ha sido esta exposici\u00f3n: se trata de una selecci\u00f3n &hellip; <a href=\"https:\/\/cpallo.educacion.navarra.es\/blog\/infantil\/exposicion-fotografica\/\">Sigue leyendo <span class=\"meta-nav\">&rarr;<\/span><\/a><\/p>\n","protected":false},"author":37,"featured_media":0,"parent":0,"menu_order":0,"comment_status":"closed","ping_status":"closed","template":"","meta":[],"_links":{"self":[{"href":"https:\/\/cpallo.educacion.navarra.es\/blog\/infantil\/wp-json\/wp\/v2\/pages\/719"}],"collection":[{"href":"https:\/\/cpallo.educacion.navarra.es\/blog\/infantil\/wp-json\/wp\/v2\/pages"}],"about":[{"href":"https:\/\/cpallo.educacion.navarra.es\/blog\/infantil\/wp-json\/wp\/v2\/types\/page"}],"author":[{"embeddable":true,"href":"https:\/\/cpallo.educacion.navarra.es\/blog\/infantil\/wp-json\/wp\/v2\/users\/37"}],"replies":[{"embeddable":true,"href":"https:\/\/cpallo.educacion.navarra.es\/blog\/infantil\/wp-json\/wp\/v2\/comments?post=719"}],"version-history":[{"count":28,"href":"https:\/\/cpallo.educacion.navarra.es\/blog\/infantil\/wp-json\/wp\/v2\/pages\/719\/revisions"}],"predecessor-version":[{"id":803,"href":"https:\/\/cpallo.educacion.navarra.es\/blog\/infantil\/wp-json\/wp\/v2\/pages\/719\/revisions\/803"}],"wp:attachment":[{"href":"https:\/\/cpallo.educacion.navarra.es\/blog\/infantil\/wp-json\/wp\/v2\/media?parent=719"}],"curies":[{"name":"wp","href":"https:\/\/api.w.org\/{rel}","templated":true}]}}