{"id":165,"date":"2020-03-26T16:33:08","date_gmt":"2020-03-26T16:33:08","guid":{"rendered":"http:\/\/cpallo.educacion.navarra.es\/blog\/ciclo1\/?page_id=165"},"modified":"2020-04-07T17:43:38","modified_gmt":"2020-04-07T17:43:38","slug":"libros-de-lectura","status":"publish","type":"page","link":"https:\/\/cpallo.educacion.navarra.es\/blog\/ciclo1\/libros-de-lectura\/","title":{"rendered":"Libros de lectura"},"content":{"rendered":"\n<p class=\"has-medium-font-size\">En esta p\u00e1gina pod\u00e9is acceder a muchos libros de lectura. Espero que disfrut\u00e9is. <\/p>\n\n\n\n<figure class=\"wp-block-image\"><a href=\"https:\/\/weeblebooks.com\/es\/home\/\" target=\"_blank\" rel=\"noopener noreferrer\"><img src=\"https:\/\/weeblebooks.com\/wp-content\/uploads\/2019\/08\/cropped-2016-Nuevo-logo-weeblebooks-peq.png\" alt=\"weeblebooks.com\"\/><\/a><\/figure>\n\n\n\n<p class=\"has-medium-font-size\">A continuaci\u00f3n dispon\u00e9is de algunos ejemplares.<\/p>\n\n\n\n<p><a rel=\"noreferrer noopener\" href=\"https:\/\/drive.google.com\/file\/d\/1JOO0gX2vFd7WqBcFjBNB8_A3Nyd27SRk\/view?usp=sharing\" target=\"_blank\">El mago detective<\/a><\/p>\n\n\n\n<p><a href=\"https:\/\/drive.google.com\/file\/d\/1--nR0_kFrI-AHUXFLPMz0XvGpdhfPDOj\/view?usp=sharing\" target=\"_blank\" rel=\"noreferrer noopener\">El robo de la copa del mundo<\/a><\/p>\n\n\n\n<p><a href=\"https:\/\/drive.google.com\/file\/d\/1YqJSK2Z4AbcJJOzW6ec_yKY-Gy18vKiv\/view?usp=sharing\" target=\"_blank\" rel=\"noreferrer noopener\">El gato con botas<\/a><\/p>\n\n\n\n<p><a href=\"https:\/\/drive.google.com\/file\/d\/1k6PYltDhwAhnXTAKNvbZ19E71M11AwcS\/view?usp=sharing\" target=\"_blank\" rel=\"noreferrer noopener\">Peter Pan<\/a><\/p>\n\n\n\n<p><a href=\"https:\/\/drive.google.com\/file\/d\/1OORdhtqZChJtZ_COhUj587g-YpwS3x_I\/view?usp=sharing\" target=\"_blank\" rel=\"noreferrer noopener\">Rat\u00f3n de campo y rat\u00f3n de ciudad<\/a><\/p>\n","protected":false},"excerpt":{"rendered":"<p>En esta p\u00e1gina pod\u00e9is acceder a muchos libros de lectura. Espero que disfrut\u00e9is. A continuaci\u00f3n dispon\u00e9is de algunos ejemplares. El mago detective El robo de la copa del mundo El gato con botas Peter Pan Rat\u00f3n de campo y rat\u00f3n de ciudad<\/p>\n","protected":false},"author":12,"featured_media":0,"parent":0,"menu_order":0,"comment_status":"closed","ping_status":"closed","template":"","meta":[],"_links":{"self":[{"href":"https:\/\/cpallo.educacion.navarra.es\/blog\/ciclo1\/wp-json\/wp\/v2\/pages\/165"}],"collection":[{"href":"https:\/\/cpallo.educacion.navarra.es\/blog\/ciclo1\/wp-json\/wp\/v2\/pages"}],"about":[{"href":"https:\/\/cpallo.educacion.navarra.es\/blog\/ciclo1\/wp-json\/wp\/v2\/types\/page"}],"author":[{"embeddable":true,"href":"https:\/\/cpallo.educacion.navarra.es\/blog\/ciclo1\/wp-json\/wp\/v2\/users\/12"}],"replies":[{"embeddable":true,"href":"https:\/\/cpallo.educacion.navarra.es\/blog\/ciclo1\/wp-json\/wp\/v2\/comments?post=165"}],"version-history":[{"count":7,"href":"https:\/\/cpallo.educacion.navarra.es\/blog\/ciclo1\/wp-json\/wp\/v2\/pages\/165\/revisions"}],"predecessor-version":[{"id":208,"href":"https:\/\/cpallo.educacion.navarra.es\/blog\/ciclo1\/wp-json\/wp\/v2\/pages\/165\/revisions\/208"}],"wp:attachment":[{"href":"https:\/\/cpallo.educacion.navarra.es\/blog\/ciclo1\/wp-json\/wp\/v2\/media?parent=165"}],"curies":[{"name":"wp","href":"https:\/\/api.w.org\/{rel}","templated":true}]}}